or of 30 and q?
3
Suppose -u + 56 = -3*u. Let p = 52 + u. Let n be 3/9 + 179/3. Calculate the greatest common factor of p and n.
12
Let a(x) = 5*x**2 + x. Let m be a(1). Suppose 4*h = -2*v + 2*h + m, v = 3*h - 1. What is the highest common factor of v and 5?
1
Let l = 5 + 7. Let n(x) = 6*x - 16. Let a be n(l). Calculate the greatest common divisor of a and 14.
14
Let s be ((-63)/28)/(9/(-312)). Calculate the highest common factor of s and 117.
39
Suppose 3*g + g + 3 = o, -2*o - 4*g = -6. Suppose 4*y + 0*a + 2*a = 72, 2*y - o*a = 52. What is the highest common divisor of y and 4?
4
Suppose 21 = x - 21. Let o(m) = -4*m - 1. Let j be o(-1). Suppose -42 = -6*g + j*g. Calculate the greatest common factor of x and g.
14
Let v(q) = 5*q**2 - q - 2. Let d = -5 - -14. Let o = d + -6. Let b be v(o). Calculate the highest common factor of b and 8.
8
Suppose 5*k - 3*k - 6 = 0, 0 = 3*n - 4*k - 72. Calculate the highest common divisor of n and 42.
14
Let f = 45 + -42. Calculate the highest common divisor of f and 27.
3
Let v = 9 - 9. Suppose v = u - 4*u + 4*g + 11, 6 = -4*u - 5*g. Calculate the greatest common divisor of 8 and u.
1
Suppose -5*d + 14 = -4*a, -4*d + 5*a + 12 = -1. Let n be d/(0 - -6)*6. What is the highest common divisor of n and 22?
2
Suppose -5*h + 4 = -4*h. Let x be 58/18 - h/18. Suppose -5*m + 22 - 7 = 0. What is the highest common factor of m and x?
3
Suppose -4*h + 54 = -2*h. Let i = 48 - h. What is the highest common factor of 14 and i?
7
Let t be (-18)/(-4) - (-3)/(-6). Let a be -2 + (t - 1) + 18. Calculate the highest common divisor of a and 209.
19
Let r = 8 - -48. Suppose -s = -3 - 5. Calculate the greatest common divisor of s and r.
8
Let a = -417 - -765. Suppose -m + a = 3*m. Calculate the greatest common factor of 58 and m.
29
Let g = 993 - 340. Let c = g - 392. What is the highest common divisor of c and 29?
29
Suppose 5*f + o - 5 = -2*o, -2*o - 5 = -5*f. Let d = -25 + 14. Let r = 19 + d. Calculate the highest common factor of r and f.
1
Suppose 21 = 3*w - 0*w. What is the highest common factor of w and 1?
1
Let m = 88 + -33. Calculate the greatest common divisor of m and 22.
11
Let s be (-2 - 1)*(-264)/18. Suppose -5*v = -5, 2*g + v - 6 = 3*v. What is the greatest common factor of s and g?
4
Let m = -32 - -158. What is the highest common factor of 18 and m?
18
Let v(o) = o**3 + o**2 - o + 5. Let l be v(0). Suppose -176 = -l*a - 16. Let h(u) = 5*u - 1. Let p be h(1). What is the greatest common divisor of p and a?
4
Suppose 56 = 2*b - 20. Calculate the highest common divisor of 57 and b.
19
Suppose -4*l + 13 = -c, c - 27 = -4*c - 3*l. What is the greatest common factor of c and 12?
3
Let s = 7 + -64. Let t = 109 + s. Calculate the highest common factor of t and 13.
13
Suppose 0 = 5*a - 2*a - 54. Let f = 240 - 79. Suppose -4*q = p - f - 3, 2*q + 134 = p. Calculate the highest common factor of p and a.
18
Let o = 21 + -103. Let i = o + 152. Calculate the highest common factor of 14 and i.
14
Let q(j) = -j**3 - 4*j**2 - 3*j + 3. Suppose -n = -w - 4*w - 17, 4*w = 2*n - 16. Let s be q(w). What is the highest common factor of s and 6?
3
Let m(h) = h**2 - 7*h + 8. Let r(t) = t**3 + 6*t**2 + 4*t + 1. Let j be r(-5). Let c be m(j). Calculate the highest common divisor of 1 and c.
1
Suppose u + 5 = 0, 4*u - 1 = -4*k + 11. Suppose 0*b + 16 = 2*b. Calculate the greatest common factor of b and k.
8
Suppose -3*g + 24 = 4*h, -h + 0*h - 5*g = -23. Suppose 2*y = 3*y - 3. Calculate the highest common divisor of y and h.
3
Let c = -33 + 54. Calculate the highest common factor of c and 7.
7
Suppose 0 = j + 2 - 4. Suppose -5 = -3*g + j*g. Suppose -170 = -g*m - 5*p, -2*m = p - 5*p - 44. Calculate the greatest common divisor of m and 20.
10
Let m(u) = -u**3 - u + 1. Let p be m(0). Suppose o = -5, 0 = v - 0*v + 5*o + 24. Let w be 7 + -5 - v/1. What is the highest common factor of p and w?
1
Let l be 58/6 - (-2)/(-3). Let x = 5 + -2. Suppose -x*a + 8*a - 15 = 0. What is the highest common factor of l and a?
3
Let v = 40 - 25. Let m be ((-42)/v)/(2/(-5)). Let p = 50 - 15. Calculate the greatest common factor of m and p.
7
Let r be ((-14)/35)/(1/(-40)). Suppose 2*i + 2*b - 304 = -2*b, 2*i - 268 = 5*b. Calculate the greatest common divisor of i and r.
16
Let w(q) = -2*q + 67. Let d be w(0). Suppose a = -5, -5*a + 12 = -2*r + d. Let n = 34 + -19. Calculate the highest common factor of n and r.
15
Suppose -13*u + 430 = -1650. Calculate the greatest common divisor of u and 40.
40
Suppose i - 4*i + 60 = 0. Suppose -2*b = 3*b - i. What is the greatest common divisor of b and 4?
4
Suppose -36 = -0*a + 4*a. Suppose 0 = 2*x - 6*x - 24. Let g be x/a*(-33)/(-2). Calculate the highest common divisor of 11 and g.
11
Let q(f) = f**2 + 3*f. Let b be q(-4). Let y be (-2)/(4 + 56/(-12)). Let i be y/((-82)/88 - -1). Calculate the greatest common factor of i and b.
4
Suppose -2 = -2*a, -3*a = 2*d + 6 - 51. Suppose 0 = -3*g - y + 6, -g = 2*g - y. Let t be (-3 - -4)/(g/d). Calculate the highest common divisor of 7 and t.
7
Let g = 250 + 70. What is the highest common factor of 40 and g?
40
Let t be (-1)/(3*1/3). Let n be t*((-9 - 1) + -3). Suppose 4*k - 528 = -5*q, -3*q + 2*q + 5*k + 94 = 0. Calculate the highest common factor of q and n.
13
Let i(c) = -9*c - 18. Let z be i(-3). What is the greatest common factor of z and 9?
9
Let k(j) = 12*j - 8. Let h be k(1). Calculate the highest common divisor of h and 1.
1
Let i(b) = b**3 - 9*b**2 + b - 4. Let m be i(9). Suppose -2*w = -4*r + w + 101, -5 = -m*w. What is the greatest common divisor of r and 39?
13
Suppose -4*g + 16 = -0*g. Let z = 7 - 4. Suppose 0*n - 84 = -z*n. What is the highest common factor of n and g?
4
Suppose -26 = 5*k - 576. Calculate the greatest common factor of k and 22.
22
Let n = -26 + 41. Let a = 2 + 0. Let h be 1 - a - (-1 + -30). Calculate the greatest common divisor of n and h.
15
Suppose -5*t + 4*t = -15. What is the highest common divisor of 15 and t?
15
Suppose y = -4*y - p - 22, 4*y + 3*p + 11 = 0. Let l be ((-3)/y)/(6/30). What is the greatest common divisor of 24 and l?
3
Let a(k) = -k**2 - 16*k + 21. Let c be a(-17). Suppose 0 = c*p - 0*p - 80. Calculate the greatest common factor of 8 and p.
4
Suppose 0 = 16*a - 10*a - 210. Calculate the greatest common divisor of 5 and a.
5
Let w(v) = -v - 1. Let r(m) = 4*m + 7. Let c(u) = -r(u) - 5*w(u). Suppose 0 = -k - 3*k + 32. Let a be c(k). Calculate the greatest common divisor of 66 and a.
6
Let a be 212/6 - (-1)/(-3). Let u(d) = -d - 6. Let j be u(-9). Suppose j*q - 2*q = 14. Calculate the highest common factor of q and a.
7
Let x(v) = v**2 + v + 5. Let t be x(0). Let o(d) = 2*d**3 + 3*d - 2. Let l be o(2). Calculate the highest common factor of l and t.
5
Suppose -v = -7*v. Suppose -3*t + 121 + 149 = v. What is the highest common divisor of t and 10?
10
Let h = 51 - 27. Suppose -4*t + h = 3*a - 130, -4*a = t - 201. Suppose 62 = 5*s - 38. What is the greatest common divisor of a and s?
10
Suppose 3*r - 8*r = -20, 2*c + 3*r = 82. Let u(z) = -z + 1. Let g be u(-3). Suppose 0*h + 56 = g*h. Calculate the greatest common factor of c and h.
7
Let o = -115 + 166. Let h = -22 + o. Calculate the highest common divisor of 87 and h.
29
Suppose 4*v - 10 + 2 = 0. Calculate the greatest common divisor of v and 4.
2
Suppose -2*w + 120 = -96. Calculate the highest common divisor of 12 and w.
12
Let l(z) = z**3 - 2*z**2 + 2*z - 7. Let x be l(4). What is the greatest common divisor of x and 11?
11
Let y(r) = -r + 4. Suppose -2*c + 10 + 20 = 0. Suppose -l + 6*l = 4*g - 34, 0 = 3*l + 3*g + c. Let f be y(l). What is the greatest common divisor of 10 and f?
10
Let b = 34 - 13. Let o = 15 - 12. What is the greatest common divisor of o and b?
3
Let l be ((-100)/4*1)/(-1). Calculate the greatest common divisor of 10 and l.
5
Suppose 2*c = 5*o - 123, -87 = -2*o - 2*c - 35. Let a = -247 - -472. What is the highest common factor of o and a?
25
Let h(r) = r**3 - 8*r**2 + 7*r + 3. Let n be h(7). Suppose -z = -3*x + n*z + 34, -3*z = x - 7. Calculate the greatest common factor of 30 and x.
10
Suppose -h + 240 = 2*h. Let v be ((-3)/(-6))/(1/20). What is the greatest common factor of h and v?
10
Let p(g) = 18*g + 10. Let o = 4 + -11. Let a be p(o). Let u = 165 + a. Calculate the hi